{"id":5289,"date":"2025-02-26T12:12:15","date_gmt":"2025-02-26T11:12:15","guid":{"rendered":"https:\/\/www.hotelsoleriva.it\/it\/faq\/noleggio-bici-hsole_import-it\/"},"modified":"2025-09-27T11:47:05","modified_gmt":"2025-09-27T09:47:05","slug":"noleggio-bici-hsole_import-it","status":"publish","type":"faq","link":"https:\/\/www.hotelsoleriva.it\/it\/faq\/noleggio-bici-hsole_import-it\/","title":{"rendered":"Noleggio bici HSOLE_import it"},"author":13,"template":"","class_list":["post-5289","faq","type-faq","status-publish","hentry"],"acf":{"domanda":"Posso noleggiare una bicicletta? Avete bici per bambini?","risposta":"L'Hotel Sole consente ai propri ospiti di noleggiare gratuitamente delle city bike! Il servizio \u00e8 soggetto alla disponibilit\u00e0 presso la reception dell'albergo e, per questa ragione, non \u00e8 possibile prenotarlo in anticipo Approfittane, visitare Riva e dintorni in bicicletta \u00e8 un'esperienza meravigliosa.Sono inoltre disponibili caschi e seggiolini per i pi\u00f9 piccoli, ma non sono disponibili tricicli o biciclette per bambini.","lingua":"it","categoria":"Servizi"},"yoast_head":"<!-- This site is optimized with the Yoast SEO plugin v27.4 - https:\/\/yoast.com\/product\/yoast-seo-wordpress\/ -->\n<title>Noleggio bici HSOLE_import it - Hotel Sole Relax &amp; Panorama - Riva del Garda (TN)<\/title>\n<meta name=\"robots\" content=\"index, follow, max-snippet:-1, max-image-preview:large, max-video-preview:-1\" \/>\n<link rel=\"canonical\" href=\"https:\/\/www.hotelsoleriva.it\/it\/faq\/noleggio-bici-hsole_import-it\/\" \/>\n<meta property=\"og:locale\" content=\"it_IT\" \/>\n<meta property=\"og:type\" content=\"article\" \/>\n<meta property=\"og:title\" content=\"Noleggio bici HSOLE_import it - Hotel Sole Relax &amp; Panorama - Riva del Garda (TN)\" \/>\n<meta property=\"og:url\" content=\"https:\/\/www.hotelsoleriva.it\/it\/faq\/noleggio-bici-hsole_import-it\/\" \/>\n<meta property=\"og:site_name\" content=\"Hotel Sole Relax &amp; Panorama - Riva del Garda (TN)\" \/>\n<meta property=\"article:modified_time\" content=\"2025-09-27T09:47:05+00:00\" \/>\n<meta name=\"twitter:card\" content=\"summary_large_image\" \/>\n<script type=\"application\/ld+json\" class=\"yoast-schema-graph\">{\"@context\":\"https:\\\/\\\/schema.org\",\"@graph\":[{\"@type\":\"WebPage\",\"@id\":\"https:\\\/\\\/www.hotelsoleriva.it\\\/it\\\/faq\\\/noleggio-bici-hsole_import-it\\\/\",\"url\":\"https:\\\/\\\/www.hotelsoleriva.it\\\/it\\\/faq\\\/noleggio-bici-hsole_import-it\\\/\",\"name\":\"Noleggio bici HSOLE_import it - Hotel Sole Relax &amp; Panorama - Riva del Garda (TN)\",\"isPartOf\":{\"@id\":\"https:\\\/\\\/www.hotelsoleriva.it\\\/it\\\/#website\"},\"datePublished\":\"2025-02-26T11:12:15+00:00\",\"dateModified\":\"2025-09-27T09:47:05+00:00\",\"breadcrumb\":{\"@id\":\"https:\\\/\\\/www.hotelsoleriva.it\\\/it\\\/faq\\\/noleggio-bici-hsole_import-it\\\/#breadcrumb\"},\"inLanguage\":\"it-IT\",\"potentialAction\":[{\"@type\":\"ReadAction\",\"target\":[\"https:\\\/\\\/www.hotelsoleriva.it\\\/it\\\/faq\\\/noleggio-bici-hsole_import-it\\\/\"]}]},{\"@type\":\"BreadcrumbList\",\"@id\":\"https:\\\/\\\/www.hotelsoleriva.it\\\/it\\\/faq\\\/noleggio-bici-hsole_import-it\\\/#breadcrumb\",\"itemListElement\":[{\"@type\":\"ListItem\",\"position\":1,\"name\":\"Home\",\"item\":\"https:\\\/\\\/www.hotelsoleriva.it\\\/it\\\/\"},{\"@type\":\"ListItem\",\"position\":2,\"name\":\"Noleggio bici HSOLE_import it\"}]},{\"@type\":\"WebSite\",\"@id\":\"https:\\\/\\\/www.hotelsoleriva.it\\\/it\\\/#website\",\"url\":\"https:\\\/\\\/www.hotelsoleriva.it\\\/it\\\/\",\"name\":\"Hotel Sole Relax &amp; Panorama - Riva del Garda (TN)\",\"description\":\"Nel cuore di Riva direttamente sul Lago di Garda\",\"publisher\":{\"@id\":\"https:\\\/\\\/www.hotelsoleriva.it\\\/it\\\/#organization\"},\"potentialAction\":[{\"@type\":\"SearchAction\",\"target\":{\"@type\":\"EntryPoint\",\"urlTemplate\":\"https:\\\/\\\/www.hotelsoleriva.it\\\/it\\\/?s={search_term_string}\"},\"query-input\":{\"@type\":\"PropertyValueSpecification\",\"valueRequired\":true,\"valueName\":\"search_term_string\"}}],\"inLanguage\":\"it-IT\"},{\"@type\":\"Organization\",\"@id\":\"https:\\\/\\\/www.hotelsoleriva.it\\\/it\\\/#organization\",\"name\":\"Hotel Sole Relax &amp; Panorama - Riva del Garda (TN)\",\"url\":\"https:\\\/\\\/www.hotelsoleriva.it\\\/it\\\/\",\"logo\":{\"@type\":\"ImageObject\",\"inLanguage\":\"it-IT\",\"@id\":\"https:\\\/\\\/www.hotelsoleriva.it\\\/it\\\/#\\\/schema\\\/logo\\\/image\\\/\",\"url\":\"https:\\\/\\\/www.hotelsoleriva.it\\\/wp-content\\\/uploads\\\/2024\\\/03\\\/hotel-sole.png\",\"contentUrl\":\"https:\\\/\\\/www.hotelsoleriva.it\\\/wp-content\\\/uploads\\\/2024\\\/03\\\/hotel-sole.png\",\"width\":1200,\"height\":330,\"caption\":\"Hotel Sole Relax &amp; Panorama - Riva del Garda (TN)\"},\"image\":{\"@id\":\"https:\\\/\\\/www.hotelsoleriva.it\\\/it\\\/#\\\/schema\\\/logo\\\/image\\\/\"}}]}<\/script>\n<!-- \/ Yoast SEO plugin. -->","yoast_head_json":{"title":"Noleggio bici HSOLE_import it - Hotel Sole Relax &amp; Panorama - Riva del Garda (TN)","robots":{"index":"index","follow":"follow","max-snippet":"max-snippet:-1","max-image-preview":"max-image-preview:large","max-video-preview":"max-video-preview:-1"},"canonical":"https:\/\/www.hotelsoleriva.it\/it\/faq\/noleggio-bici-hsole_import-it\/","og_locale":"it_IT","og_type":"article","og_title":"Noleggio bici HSOLE_import it - Hotel Sole Relax &amp; Panorama - Riva del Garda (TN)","og_url":"https:\/\/www.hotelsoleriva.it\/it\/faq\/noleggio-bici-hsole_import-it\/","og_site_name":"Hotel Sole Relax &amp; Panorama - Riva del Garda (TN)","article_modified_time":"2025-09-27T09:47:05+00:00","twitter_card":"summary_large_image","schema":{"@context":"https:\/\/schema.org","@graph":[{"@type":"WebPage","@id":"https:\/\/www.hotelsoleriva.it\/it\/faq\/noleggio-bici-hsole_import-it\/","url":"https:\/\/www.hotelsoleriva.it\/it\/faq\/noleggio-bici-hsole_import-it\/","name":"Noleggio bici HSOLE_import it - Hotel Sole Relax &amp; Panorama - Riva del Garda (TN)","isPartOf":{"@id":"https:\/\/www.hotelsoleriva.it\/it\/#website"},"datePublished":"2025-02-26T11:12:15+00:00","dateModified":"2025-09-27T09:47:05+00:00","breadcrumb":{"@id":"https:\/\/www.hotelsoleriva.it\/it\/faq\/noleggio-bici-hsole_import-it\/#breadcrumb"},"inLanguage":"it-IT","potentialAction":[{"@type":"ReadAction","target":["https:\/\/www.hotelsoleriva.it\/it\/faq\/noleggio-bici-hsole_import-it\/"]}]},{"@type":"BreadcrumbList","@id":"https:\/\/www.hotelsoleriva.it\/it\/faq\/noleggio-bici-hsole_import-it\/#breadcrumb","itemListElement":[{"@type":"ListItem","position":1,"name":"Home","item":"https:\/\/www.hotelsoleriva.it\/it\/"},{"@type":"ListItem","position":2,"name":"Noleggio bici HSOLE_import it"}]},{"@type":"WebSite","@id":"https:\/\/www.hotelsoleriva.it\/it\/#website","url":"https:\/\/www.hotelsoleriva.it\/it\/","name":"Hotel Sole Relax &amp; Panorama - Riva del Garda (TN)","description":"Nel cuore di Riva direttamente sul Lago di Garda","publisher":{"@id":"https:\/\/www.hotelsoleriva.it\/it\/#organization"},"potentialAction":[{"@type":"SearchAction","target":{"@type":"EntryPoint","urlTemplate":"https:\/\/www.hotelsoleriva.it\/it\/?s={search_term_string}"},"query-input":{"@type":"PropertyValueSpecification","valueRequired":true,"valueName":"search_term_string"}}],"inLanguage":"it-IT"},{"@type":"Organization","@id":"https:\/\/www.hotelsoleriva.it\/it\/#organization","name":"Hotel Sole Relax &amp; Panorama - Riva del Garda (TN)","url":"https:\/\/www.hotelsoleriva.it\/it\/","logo":{"@type":"ImageObject","inLanguage":"it-IT","@id":"https:\/\/www.hotelsoleriva.it\/it\/#\/schema\/logo\/image\/","url":"https:\/\/www.hotelsoleriva.it\/wp-content\/uploads\/2024\/03\/hotel-sole.png","contentUrl":"https:\/\/www.hotelsoleriva.it\/wp-content\/uploads\/2024\/03\/hotel-sole.png","width":1200,"height":330,"caption":"Hotel Sole Relax &amp; Panorama - Riva del Garda (TN)"},"image":{"@id":"https:\/\/www.hotelsoleriva.it\/it\/#\/schema\/logo\/image\/"}}]}},"featured_img":false,"coauthors":[],"author_meta":{"author_link":"https:\/\/www.hotelsoleriva.it\/it\/author\/openrosetta\/","display_name":"Openrosetta"},"relative_dates":{"created":"Pubblicato 1 anno fa","modified":"Aggiornato 7 mesi fa"},"absolute_dates":{"created":"Pubblicato il 26 Febbraio 2025","modified":"Aggiornato il 27 Settembre 2025"},"absolute_dates_time":{"created":"Pubblicato il 26 Febbraio 2025 12:12","modified":"Aggiornato il 27 Settembre 2025 11:47"},"featured_img_caption":"","tax_additional":[],"series_order":"","_links":{"self":[{"href":"https:\/\/www.hotelsoleriva.it\/it\/wp-json\/wp\/v2\/faq\/5289","targetHints":{"allow":["GET"]}}],"collection":[{"href":"https:\/\/www.hotelsoleriva.it\/it\/wp-json\/wp\/v2\/faq"}],"about":[{"href":"https:\/\/www.hotelsoleriva.it\/it\/wp-json\/wp\/v2\/types\/faq"}],"wp:attachment":[{"href":"https:\/\/www.hotelsoleriva.it\/it\/wp-json\/wp\/v2\/media?parent=5289"}],"curies":[{"name":"wp","href":"https:\/\/api.w.org\/{rel}","templated":true}]}}

L'Hotel Sole consente ai propri ospiti di noleggiare gratuitamente delle city bike! Il servizio è soggetto alla disponibilità presso la reception dell'albergo e, per questa ragione, non è possibile prenotarlo in anticipo Approfittane, visitare Riva e dintorni in bicicletta è un'esperienza meravigliosa.Sono inoltre disponibili caschi e seggiolini per i più piccoli, ma non sono disponibili tricicli o biciclette per bambini.
