{"id":5291,"date":"2025-02-26T12:12:19","date_gmt":"2025-02-26T11:12:19","guid":{"rendered":"https:\/\/www.hotelsoleriva.it\/it\/faq\/noleggio-bici-hsole_import-de\/"},"modified":"2025-09-27T11:47:09","modified_gmt":"2025-09-27T09:47:09","slug":"noleggio-bici-hsole_import-de","status":"publish","type":"faq","link":"https:\/\/www.hotelsoleriva.it\/it\/faq\/noleggio-bici-hsole_import-de\/","title":{"rendered":"Noleggio bici HSOLE_import de"},"author":13,"template":"","class_list":["post-5291","faq","type-faq","status-publish","hentry"],"acf":{"domanda":"Kann ich ein Fahrrad mieten? Haben Sie Kinderfahrr\u00e4der?","risposta":"Das Hotel Sole bietet seinen G\u00e4sten die M\u00f6glichkeit, kostenlos Citybikes auszuleihen! Der Service kann je nach Verf\u00fcgbarkeit an der Hotelrezeption gebucht werden. Nutzen Sie diesen Service, denn Riva und seine Umgebung mit dem Fahrrad zu erkunden, ist ein wunderbares Erlebnis.Helme und Kindersitze sind ebenfalls erh\u00e4ltlich, aber Dreir\u00e4der oder Kinderfahrr\u00e4der sind nicht verf\u00fcgbar.","lingua":"de","categoria":"Dienstleistungen"},"yoast_head":"<!-- This site is optimized with the Yoast SEO plugin v27.4 - https:\/\/yoast.com\/product\/yoast-seo-wordpress\/ -->\n<title>Noleggio bici HSOLE_import de - Hotel Sole Relax &amp; Panorama - Riva del Garda (TN)<\/title>\n<meta name=\"robots\" content=\"index, follow, max-snippet:-1, max-image-preview:large, max-video-preview:-1\" \/>\n<link rel=\"canonical\" href=\"https:\/\/www.hotelsoleriva.it\/it\/faq\/noleggio-bici-hsole_import-de\/\" \/>\n<meta property=\"og:locale\" content=\"it_IT\" \/>\n<meta property=\"og:type\" content=\"article\" \/>\n<meta property=\"og:title\" content=\"Noleggio bici HSOLE_import de - Hotel Sole Relax &amp; Panorama - Riva del Garda (TN)\" \/>\n<meta property=\"og:url\" content=\"https:\/\/www.hotelsoleriva.it\/it\/faq\/noleggio-bici-hsole_import-de\/\" \/>\n<meta property=\"og:site_name\" content=\"Hotel Sole Relax &amp; Panorama - Riva del Garda (TN)\" \/>\n<meta property=\"article:modified_time\" content=\"2025-09-27T09:47:09+00:00\" \/>\n<meta name=\"twitter:card\" content=\"summary_large_image\" \/>\n<script type=\"application\/ld+json\" class=\"yoast-schema-graph\">{\"@context\":\"https:\\\/\\\/schema.org\",\"@graph\":[{\"@type\":\"WebPage\",\"@id\":\"https:\\\/\\\/www.hotelsoleriva.it\\\/it\\\/faq\\\/noleggio-bici-hsole_import-de\\\/\",\"url\":\"https:\\\/\\\/www.hotelsoleriva.it\\\/it\\\/faq\\\/noleggio-bici-hsole_import-de\\\/\",\"name\":\"Noleggio bici HSOLE_import de - Hotel Sole Relax &amp; Panorama - Riva del Garda (TN)\",\"isPartOf\":{\"@id\":\"https:\\\/\\\/www.hotelsoleriva.it\\\/it\\\/#website\"},\"datePublished\":\"2025-02-26T11:12:19+00:00\",\"dateModified\":\"2025-09-27T09:47:09+00:00\",\"breadcrumb\":{\"@id\":\"https:\\\/\\\/www.hotelsoleriva.it\\\/it\\\/faq\\\/noleggio-bici-hsole_import-de\\\/#breadcrumb\"},\"inLanguage\":\"it-IT\",\"potentialAction\":[{\"@type\":\"ReadAction\",\"target\":[\"https:\\\/\\\/www.hotelsoleriva.it\\\/it\\\/faq\\\/noleggio-bici-hsole_import-de\\\/\"]}]},{\"@type\":\"BreadcrumbList\",\"@id\":\"https:\\\/\\\/www.hotelsoleriva.it\\\/it\\\/faq\\\/noleggio-bici-hsole_import-de\\\/#breadcrumb\",\"itemListElement\":[{\"@type\":\"ListItem\",\"position\":1,\"name\":\"Home\",\"item\":\"https:\\\/\\\/www.hotelsoleriva.it\\\/it\\\/\"},{\"@type\":\"ListItem\",\"position\":2,\"name\":\"Noleggio bici HSOLE_import de\"}]},{\"@type\":\"WebSite\",\"@id\":\"https:\\\/\\\/www.hotelsoleriva.it\\\/it\\\/#website\",\"url\":\"https:\\\/\\\/www.hotelsoleriva.it\\\/it\\\/\",\"name\":\"Hotel Sole Relax &amp; Panorama - Riva del Garda (TN)\",\"description\":\"Nel cuore di Riva direttamente sul Lago di Garda\",\"publisher\":{\"@id\":\"https:\\\/\\\/www.hotelsoleriva.it\\\/it\\\/#organization\"},\"potentialAction\":[{\"@type\":\"SearchAction\",\"target\":{\"@type\":\"EntryPoint\",\"urlTemplate\":\"https:\\\/\\\/www.hotelsoleriva.it\\\/it\\\/?s={search_term_string}\"},\"query-input\":{\"@type\":\"PropertyValueSpecification\",\"valueRequired\":true,\"valueName\":\"search_term_string\"}}],\"inLanguage\":\"it-IT\"},{\"@type\":\"Organization\",\"@id\":\"https:\\\/\\\/www.hotelsoleriva.it\\\/it\\\/#organization\",\"name\":\"Hotel Sole Relax &amp; Panorama - Riva del Garda (TN)\",\"url\":\"https:\\\/\\\/www.hotelsoleriva.it\\\/it\\\/\",\"logo\":{\"@type\":\"ImageObject\",\"inLanguage\":\"it-IT\",\"@id\":\"https:\\\/\\\/www.hotelsoleriva.it\\\/it\\\/#\\\/schema\\\/logo\\\/image\\\/\",\"url\":\"https:\\\/\\\/www.hotelsoleriva.it\\\/wp-content\\\/uploads\\\/2024\\\/03\\\/hotel-sole.png\",\"contentUrl\":\"https:\\\/\\\/www.hotelsoleriva.it\\\/wp-content\\\/uploads\\\/2024\\\/03\\\/hotel-sole.png\",\"width\":1200,\"height\":330,\"caption\":\"Hotel Sole Relax &amp; Panorama - Riva del Garda (TN)\"},\"image\":{\"@id\":\"https:\\\/\\\/www.hotelsoleriva.it\\\/it\\\/#\\\/schema\\\/logo\\\/image\\\/\"}}]}<\/script>\n<!-- \/ Yoast SEO plugin. -->","yoast_head_json":{"title":"Noleggio bici HSOLE_import de - Hotel Sole Relax &amp; Panorama - Riva del Garda (TN)","robots":{"index":"index","follow":"follow","max-snippet":"max-snippet:-1","max-image-preview":"max-image-preview:large","max-video-preview":"max-video-preview:-1"},"canonical":"https:\/\/www.hotelsoleriva.it\/it\/faq\/noleggio-bici-hsole_import-de\/","og_locale":"it_IT","og_type":"article","og_title":"Noleggio bici HSOLE_import de - Hotel Sole Relax &amp; Panorama - Riva del Garda (TN)","og_url":"https:\/\/www.hotelsoleriva.it\/it\/faq\/noleggio-bici-hsole_import-de\/","og_site_name":"Hotel Sole Relax &amp; Panorama - Riva del Garda (TN)","article_modified_time":"2025-09-27T09:47:09+00:00","twitter_card":"summary_large_image","schema":{"@context":"https:\/\/schema.org","@graph":[{"@type":"WebPage","@id":"https:\/\/www.hotelsoleriva.it\/it\/faq\/noleggio-bici-hsole_import-de\/","url":"https:\/\/www.hotelsoleriva.it\/it\/faq\/noleggio-bici-hsole_import-de\/","name":"Noleggio bici HSOLE_import de - Hotel Sole Relax &amp; Panorama - Riva del Garda (TN)","isPartOf":{"@id":"https:\/\/www.hotelsoleriva.it\/it\/#website"},"datePublished":"2025-02-26T11:12:19+00:00","dateModified":"2025-09-27T09:47:09+00:00","breadcrumb":{"@id":"https:\/\/www.hotelsoleriva.it\/it\/faq\/noleggio-bici-hsole_import-de\/#breadcrumb"},"inLanguage":"it-IT","potentialAction":[{"@type":"ReadAction","target":["https:\/\/www.hotelsoleriva.it\/it\/faq\/noleggio-bici-hsole_import-de\/"]}]},{"@type":"BreadcrumbList","@id":"https:\/\/www.hotelsoleriva.it\/it\/faq\/noleggio-bici-hsole_import-de\/#breadcrumb","itemListElement":[{"@type":"ListItem","position":1,"name":"Home","item":"https:\/\/www.hotelsoleriva.it\/it\/"},{"@type":"ListItem","position":2,"name":"Noleggio bici HSOLE_import de"}]},{"@type":"WebSite","@id":"https:\/\/www.hotelsoleriva.it\/it\/#website","url":"https:\/\/www.hotelsoleriva.it\/it\/","name":"Hotel Sole Relax &amp; Panorama - Riva del Garda (TN)","description":"Nel cuore di Riva direttamente sul Lago di Garda","publisher":{"@id":"https:\/\/www.hotelsoleriva.it\/it\/#organization"},"potentialAction":[{"@type":"SearchAction","target":{"@type":"EntryPoint","urlTemplate":"https:\/\/www.hotelsoleriva.it\/it\/?s={search_term_string}"},"query-input":{"@type":"PropertyValueSpecification","valueRequired":true,"valueName":"search_term_string"}}],"inLanguage":"it-IT"},{"@type":"Organization","@id":"https:\/\/www.hotelsoleriva.it\/it\/#organization","name":"Hotel Sole Relax &amp; Panorama - Riva del Garda (TN)","url":"https:\/\/www.hotelsoleriva.it\/it\/","logo":{"@type":"ImageObject","inLanguage":"it-IT","@id":"https:\/\/www.hotelsoleriva.it\/it\/#\/schema\/logo\/image\/","url":"https:\/\/www.hotelsoleriva.it\/wp-content\/uploads\/2024\/03\/hotel-sole.png","contentUrl":"https:\/\/www.hotelsoleriva.it\/wp-content\/uploads\/2024\/03\/hotel-sole.png","width":1200,"height":330,"caption":"Hotel Sole Relax &amp; Panorama - Riva del Garda (TN)"},"image":{"@id":"https:\/\/www.hotelsoleriva.it\/it\/#\/schema\/logo\/image\/"}}]}},"featured_img":false,"coauthors":[],"author_meta":{"author_link":"https:\/\/www.hotelsoleriva.it\/it\/author\/openrosetta\/","display_name":"Openrosetta"},"relative_dates":{"created":"Pubblicato 1 anno fa","modified":"Aggiornato 7 mesi fa"},"absolute_dates":{"created":"Pubblicato il 26 Febbraio 2025","modified":"Aggiornato il 27 Settembre 2025"},"absolute_dates_time":{"created":"Pubblicato il 26 Febbraio 2025 12:12","modified":"Aggiornato il 27 Settembre 2025 11:47"},"featured_img_caption":"","tax_additional":[],"series_order":"","_links":{"self":[{"href":"https:\/\/www.hotelsoleriva.it\/it\/wp-json\/wp\/v2\/faq\/5291","targetHints":{"allow":["GET"]}}],"collection":[{"href":"https:\/\/www.hotelsoleriva.it\/it\/wp-json\/wp\/v2\/faq"}],"about":[{"href":"https:\/\/www.hotelsoleriva.it\/it\/wp-json\/wp\/v2\/types\/faq"}],"wp:attachment":[{"href":"https:\/\/www.hotelsoleriva.it\/it\/wp-json\/wp\/v2\/media?parent=5291"}],"curies":[{"name":"wp","href":"https:\/\/api.w.org\/{rel}","templated":true}]}}

Kann ich ein Fahrrad mieten? Haben Sie Kinderfahrräder?

Das Hotel Sole bietet seinen Gästen die Möglichkeit, kostenlos Citybikes auszuleihen! Der Service kann je nach Verfügbarkeit an der Hotelrezeption gebucht werden. Nutzen Sie diesen Service, denn Riva und seine Umgebung mit dem Fahrrad zu erkunden, ist ein wunderbares Erlebnis.Helme und Kindersitze sind ebenfalls erhältlich, aber Dreiräder oder Kinderfahrräder sind nicht verfügbar.
